e ((-88)/(-3))/(2/(-6)). Let r = -27 - b. What is the tens digit of r?
6
Let w(h) = h + 23. Let z be w(19). Let t be ((-70)/4)/((-3)/z). Suppose -g - t = -6*g. What is the tens digit of g?
4
Let s(z) = -5*z**2 - 3*z + 171. Let c(n) = -n**2 - 1. Let k(r) = -4*c(r) + s(r). What is the tens digit of k(0)?
7
Suppose 0 = -b - b + 12. Let v(k) = 9*k**2 + 4*k - 7. Let d be v(b). What is the tens digit of 4/6 - d/(-33)?
1
Let y = 17 - -3. Let w be ((-10)/y)/((-2)/240). Suppose -2*r = -4*n - 42, 0 = 5*r - n + 6*n - w. What is the units digit of r?
5
Let y = -16 + 6. What is the tens digit of 13/((y/8 + 1)*-1)?
5
Let h be (3/6 - 2)*-2. Let j(a) = -1 + a - a**3 + 0*a**3 + a + 5*a**2. What is the units digit of j(h)?
3
Suppose -304*i + 296*i = -7712. What is the tens digit of i?
6
What is the units digit of (-61936)/(-10) + 424/1060?
4
Suppose 21 - 1 = -4*n. Let x(p) = 3*p**2 + 5*p - 3. What is the units digit of x(n)?
7
Suppose 10*w - 6*w - 5*b = 2290, -6*w - 2*b + 3416 = 0. What is the hundreds digit of w?
5
Let t be ((-3)/(-2))/((9/(-96))/1). What is the hundreds digit of -1 + t/8 + 164 + -1?
1
Let h = -178 - -573. What is the hundreds digit of h?
3
Suppose h - 91 + 68 = 0. What is the units digit of h?
3
Let y(v) = v**3 + 3*v**2 - 5*v. Let l be y(-4). Suppose -3*m = 5*i - 363, 8*i = 2*m + l*i - 242. What is the tens digit of m?
2
Let d(x) = -135*x**3 - 3*x**2 + 6*x + 9. What is the units digit of d(-1)?
5
Let j(o) = 14*o - 1. Let f be j(-1). Suppose 3*y = -4*w - 35, y + 6*w - 11*w + 18 = 0. Let a = y - f. What is the units digit of a?
2
Suppose -4*h = -3*b - 320, -3*h + b = -129 - 106. Let z = -61 + h. What is the units digit of z?
6
Let y be (1 - 5/6) + (-58)/(-12). Suppose -y*u = -10*u + 345. What is the tens digit of u?
6
Suppose -2*v - 23*q + 21*q + 8240 = 0, 0 = -3*v + 2*q + 12340. What is the tens digit of v?
1
Let m(p) = -p. Let w be m(2). What is the tens digit of 6/(-2*w/38)?
5
Suppose -2155 = -11*i + 4005. What is the units digit of i?
0
Suppose -8 = -2*v - 3*b, 20 = 5*v + 4*b - 0*b. Let y = v - 1. Suppose y*o - z - z = 150, 2*o - 3*z - 100 = 0. What is the units digit of o?
0
Let c(o) = 4*o**3 - 4*o**2 - o + 5. Let i be c(4). Let q = i + -84. What is the tens digit of q?
0
Let z(i) = 10*i + 14. Let s = 40 - 29. What is the units digit of z(s)?
4
Suppose -2*d = -9*t + 13*t - 20544, 5*t - 25673 = d. What is the hundreds digit of t?
1
Let t(y) = 4*y - 63. Let n be t(15). What is the units digit of (-4 + (-9)/n)*-37?
7
Let g(t) = -27*t**3 + 2*t - 6. What is the hundreds digit of g(-2)?
2
Let s be (158/(-4))/((-17)/(-34)). Let f = 151 + s. What is the tens digit of f?
7
What is the units digit of 24797/15 - (-1)/((-135)/18)?
3
Let j(k) = 4*k - 2*k - 11 + 8*k**2 - k**2 + 5*k**2. Let n(i) = 11*i**2 + 3*i - 10. Let t(x) = -5*j(x) + 6*n(x). What is the units digit of t(-4)?
9
Let q(j) = 14*j**2. Let n be q(1). Let h = n - 11. Suppose h*z - 3 = 0, f - 4*z + 1 = 15. What is the tens digit of f?
1
Let o be ((-5110)/15)/(1/(-3)). Suppose 514 = 2*n - 0*n - m, 4*n + m = o. What is the hundreds digit of n?
2
Let v = -459 - -1398. What is the units digit of v?
9
Suppose w = 4 + 1. Suppose -4*a = 5*k - 25, k + 2*k - 15 = w*a. Suppose -k*b = -3*b - 54. What is the units digit of b?
7
Let s = 137 - 137. Suppose s = 4*w - 579 - 89. What is the hundreds digit of w?
1
Let d = -25 - -21. Let h(k) = k**3 + 4*k**2 - k + 5. Let u be h(d). Suppose 44 = 4*g - 4*j, -3*g - j + 8 = -u. What is the units digit of g?
7
Suppose 7 = -5*w + 22. What is the units digit of 2/3 + 94/w?
2
Suppose 0 = -2*r + 7*r + 3*i - 1799, 0 = 3*r - 3*i - 1089. What is the hundreds digit of r?
3
Let l = -23 + 8. What is the tens digit of 4/10 - 909/l?
6
Suppose 7*t - 9*t = 10, 4*t = -4*n. Suppose -199 = -4*a + 3*a + i, -i = -n. What is the tens digit of a?
0
Let q = -1 + 3. Suppose 3*p = -q*o - 11, 3*o - p - 31 = 4*p. Suppose 0 = o*l + 4*l - 30. What is the units digit of l?
5
Let q(z) = 2*z**2 - 4*z - 4. Let a be q(-2). Suppose 5*y + 4*f - 316 = 0, -3*y - 4*f = -a - 176. What is the tens digit of y?
6
Let i = -12 + 12. Suppose i = 4*r - 127 - 273. What is the tens digit of r?
0
Let h(s) = -3*s + 0*s + 9*s + s**2 - 7. Let g be h(-7). Let y = g + 3. What is the units digit of y?
3
Suppose l - 3*t + 5 = -l, -15 = -5*t. Let c(n) = n**3 - 2*n**2 - 2*n + 5*n - n**2. What is the units digit of c(l)?
2
Let f = -156 - -536. Suppose k + 4*v + f = 3*k, -188 = -k + v. What is the tens digit of k?
8
Let x = 130 - 11. What is the hundreds digit of x?
1
Suppose -4*q = -35*q + 16709. What is the hundreds digit of q?
5
Let o(j) = -j - 1. Let c(k) = 4*k**3 - k**2 + 10*k + 5. Let t(d) = -c(d) - 6*o(d). What is the hundreds digit of t(-3)?
1
Let c be (9/(-2))/((-6)/8). Suppose -5*r = -3*z - 1295, 777 = 10*r - 7*r + 5*z. Suppose c*a + a = r. What is the tens digit of a?
3
Let h be 7 - 2 - (-3 + 4). Let p be -2*(-1)/((-2)/h). Let n = p + 17. What is the units digit of n?
3
Let c(m) = m**2 + 4*m + 4. What is the tens digit of c(21)?
2
Suppose -3*o + x + 2724 = -2*x, 0 = 4*x + 8. What is the hundreds digit of o?
9
Suppose -5*f + 2975 = w - 3322, -f + 1261 = w. What is the thousands digit of f?
1
Suppose 4*o - 4*s + 2*s - 14 = 0, -20 = -5*o + 2*s. Let p(a) = 7*a**2 - 2*a + 9*a + 1 + a**3 - 2*a**3 - 9. What is the tens digit of p(o)?
7
Let l(k) = -k**3 + 14*k**2 + 11*k + 22. Let o be l(14). Let r = -96 + o. What is the units digit of r?
0
Let t(v) = v**3 - 6*v**2 + 4*v + 13. What is the tens digit of t(6)?
3
Suppose 3*b - 5*b = h - 10, 5*h = 2*b + 2. Suppose 0 = o - 2*l - 12 - 5, -3*l = -h*o + 39. Suppose 0 = -0*u - 3*u + o. What is the units digit of u?
9
Suppose -v + y = 70, 2*v + 5*y - y = -140. Let t = 118 - v. What is the hundreds digit of t?
1
Suppose 2*v - 50 = 7*v - 5*h, -3*v = -5*h + 38. Let l = v + 26. Let w = -9 + l. What is the tens digit of w?
1
Let n(h) = 60*h - 309. Let t be n(6). Suppose 4*p + 0 = 12. Suppose -t = -p*u + 12. What is the units digit of u?
1
What is the hundreds digit of 19 + -21 + 12 - -1136?
1
Let m(q) = -3*q**2 + q - 5. Let x be m(5). Let z = x + 136. What is the tens digit of z?
6
Let k(h) = h**2 - 19*h - 15. Let o be k(20). Suppose -2*y + 5*b - 155 = -5*y, -2*b + 271 = o*y. What is the tens digit of y?
5
Let u be (27/(-18))/(2/12). Let o(x) = -x**3 - 8*x**2 + 4*x + 8. What is the units digit of o(u)?
3
What is the units digit of 444/(-18)*-105 + -4 + -3?
3
Suppose -1029*t - 13044 = -1032*t. What is the units digit of t?
8
Suppose 0 = -z, -16 = -2*q + 3*z - z. Let a = q + -14. What is the units digit of (a/(-4))/((-5)/(-30))?
9
Let b(j) be the third derivative of j**4/24 + j**3/6 + 11*j**2. Let m(z) = 3*z - 9. Let v(s) = 2*b(s) + m(s). What is the tens digit of v(9)?
3
Suppose 5*s - 4 = -4*b - 1, -2*s = -3*b + 8. Let g be 14 + -11 + (s - -1). Let y(m) = 4*m - 3. What is the units digit of y(g)?
9
Let z = -14 - -49. What is the tens digit of -1 + z + (-20)/5?
3
Suppose 0 = -4*g - 368 + 1224. Let q = -69 + g. What is the hundreds digit of q?
1
Let y(a) = a. Let l(j) = -92*j. Let t(n) = -l(n) - 69*y(n). Let o = -2 + 3. What is the tens digit of t(o)?
2
What is the units digit of (-5)/((-10)/3)*142?
3
Let s(y) = -7*y**3 + 11*y**2 + 3*y - 8. Let n(q) = -6*q**3 + 10*q**2 + 2*q - 9. Let t(c) = -6*n(c) + 5*s(c). What is the units digit of t(6)?
8
Suppose 15*s - 12*s - 12 = 0. Suppose 3*n - z - 457 = 0, 229 + 85 = 2*n + s*z. Suppose -5*p - t = 3*t - n, 3*p = -t + 89. What is the units digit of p?
9
Let r = 31 + -28. What is the units digit of 1/(r/487) - 18/54?
2
Suppose 0 = 2*i + i - 2*z - 48, -i + 29 = -5*z. Suppose -l - 2*k = 2, 5*l + 3*k - k = i. What is the units digit of l?
4
Suppose 35*t = 40*t - 25. Suppose -3*c + 3*b = 2*b - 772, -t*b = 20. What is the units digit of c?
6
Let l = 98 + 62. Suppose -2*f - m + l = -5*m, -3*m = 12. What is the tens digit of f?
7
Suppose -4*m + 0*m - 5*x + 245 = 0, 2*m - 135 = -5*x. Let k = -31 + m. Let w = k + -2. What is the tens digit of w?
2
Let b = -19 - -38. Let a = b - 15. Suppose 0*l + 2*l = -2*k + 38, -a*k + 56 = -l. What is the units digit of k?
5
Let k(q) = -6*q - 3. Let a be k(-1). Suppose -5*o = a*v - 219, -5*o + 4*v - 3*v + 227 = 0. What is the units digit of o?
5
Let l(x) = -8*x + 1. Let t = 2 + -9. Let w be l(t). Suppose -4*q - 184 = -3